{"id":610,"date":"2024-04-09T15:53:08","date_gmt":"2024-04-09T13:53:08","guid":{"rendered":"https:\/\/astrale.ch\/?post_type=product&#038;p=610"},"modified":"2024-04-11T22:54:08","modified_gmt":"2024-04-11T20:54:08","slug":"grand-encreur-eclat-dore","status":"publish","type":"product","link":"https:\/\/astrale.ch\/index.php\/produit\/grand-encreur-eclat-dore\/","title":{"rendered":"Grand Encreur Eclat Dor\u00e9"},"content":{"rendered":"<ul class=\"a-unordered-list a-vertical a-spacing-mini\">\n<li>Encre pigment effet m\u00e9tallique.<\/li>\n<li>R\u00e9sultat m\u00e9tallique \u00e9tonnant, sans embossage.<\/li>\n<li><span class=\"a-list-item\">Multifonction : peindre, imprimer, d\u00e9corer au pochoir et tamponner des ex-libris, des cartes d\u2019invitation, de voeux\u2026\u00a0<\/span><\/li>\n<li><span class=\"a-list-item\">Haute qualit\u00e9 : cet encreur Delicata est une encre qualit\u00e9 Archives. Sans acide, \u00e0 base d\u2019eau, elle ne d\u00e9teint pas et r\u00e9siste \u00e0 l\u2019eau.\u00a0<\/span><\/li>\n<li>Dimensions du boitier : 10 x 6 cm<\/li>\n<\/ul>\n","protected":false},"excerpt":{"rendered":"<div id=\"product-description-long-2984\" class=\"col-sm-12 product-long-description\">\n<div class=\"woocommerce-product-details__short-description\">\n<p><span class=\"Y2IQFc\" lang=\"fr\">Encreur Delicata Eclat dor\u00e9 \u00e0 utiliser pour tamponner ses exlibris dans un livre, customiser des enveloppes, des cartes, des invitations\u2026<br \/>\nCette encre donne des reflets scintillants dor\u00e9s \u00e0 vos tamponnages ou effets pochoirs. Si vous aimez\u00a0 la brillance vous allez adorer son effet.<br \/>\nRetrouvez notre offre de tampons\u00a0<a href=\"https:\/\/julie-flamingo.com\/product-category\/papeterie-de-voyage\/bureau\/tampon\/\" target=\"_blank\" rel=\"noopener\">ici<\/a>.<\/span><\/p>\n<\/div>\n<\/div>\n","protected":false},"featured_media":612,"comment_status":"open","ping_status":"closed","template":"","meta":[],"product_cat":[34],"product_tag":[39,42,40],"class_list":{"0":"post-610","1":"product","2":"type-product","3":"status-publish","4":"has-post-thumbnail","6":"product_cat-stationery","7":"product_tag-bureau","8":"product_tag-encreur","9":"product_tag-papeterie","11":"first","12":"instock","13":"taxable","14":"shipping-taxable","15":"purchasable","16":"product-type-simple"},"yoast_head":"<!-- This site is optimized with the Yoast SEO plugin v27.3 - https:\/\/yoast.com\/product\/yoast-seo-wordpress\/ -->\n<title>Grand Encreur Eclat Dor\u00e9 &#8211; Astrale<\/title>\n<meta name=\"robots\" content=\"index, follow, max-snippet:-1, max-image-preview:large, max-video-preview:-1\" \/>\n<link rel=\"canonical\" href=\"https:\/\/astrale.ch\/index.php\/produit\/grand-encreur-eclat-dore\/\" \/>\n<meta property=\"og:locale\" content=\"fr_FR\" \/>\n<meta property=\"og:type\" content=\"article\" \/>\n<meta property=\"og:title\" content=\"Grand Encreur Eclat Dor\u00e9 &#8211; Astrale\" \/>\n<meta property=\"og:description\" content=\"Encreur Delicata Eclat dor\u00e9 \u00e0 utiliser pour tamponner ses exlibris dans un livre, customiser des enveloppes, des cartes, des invitations\u2026 Cette encre donne des reflets scintillants dor\u00e9s \u00e0 vos tamponnages ou effets pochoirs. Si vous aimez\u00a0 la brillance vous allez adorer son effet. Retrouvez notre offre de tampons\u00a0ici.\" \/>\n<meta property=\"og:url\" content=\"https:\/\/astrale.ch\/index.php\/produit\/grand-encreur-eclat-dore\/\" \/>\n<meta property=\"og:site_name\" content=\"Astrale\" \/>\n<meta property=\"article:modified_time\" content=\"2024-04-11T20:54:08+00:00\" \/>\n<meta property=\"og:image\" content=\"https:\/\/astrale.ch\/wp-content\/uploads\/2024\/04\/encreur-delicata-eclat-dore-500x500-1.jpg\" \/>\n\t<meta property=\"og:image:width\" content=\"500\" \/>\n\t<meta property=\"og:image:height\" content=\"500\" \/>\n\t<meta property=\"og:image:type\" content=\"image\/jpeg\" \/>\n<meta name=\"twitter:card\" content=\"summary_large_image\" \/>\n<meta name=\"twitter:label1\" content=\"Dur\u00e9e de lecture estim\u00e9e\" \/>\n\t<meta name=\"twitter:data1\" content=\"1 minute\" \/>\n<script type=\"application\/ld+json\" class=\"yoast-schema-graph\">{\"@context\":\"https:\\\/\\\/schema.org\",\"@graph\":[{\"@type\":\"WebPage\",\"@id\":\"https:\\\/\\\/astrale.ch\\\/index.php\\\/produit\\\/grand-encreur-eclat-dore\\\/\",\"url\":\"https:\\\/\\\/astrale.ch\\\/index.php\\\/produit\\\/grand-encreur-eclat-dore\\\/\",\"name\":\"Grand Encreur Eclat Dor\u00e9 &#8211; Astrale\",\"isPartOf\":{\"@id\":\"https:\\\/\\\/astrale.ch\\\/#website\"},\"primaryImageOfPage\":{\"@id\":\"https:\\\/\\\/astrale.ch\\\/index.php\\\/produit\\\/grand-encreur-eclat-dore\\\/#primaryimage\"},\"image\":{\"@id\":\"https:\\\/\\\/astrale.ch\\\/index.php\\\/produit\\\/grand-encreur-eclat-dore\\\/#primaryimage\"},\"thumbnailUrl\":\"https:\\\/\\\/astrale.ch\\\/wp-content\\\/uploads\\\/2024\\\/04\\\/encreur-delicata-eclat-dore-500x500-1.jpg\",\"datePublished\":\"2024-04-09T13:53:08+00:00\",\"dateModified\":\"2024-04-11T20:54:08+00:00\",\"breadcrumb\":{\"@id\":\"https:\\\/\\\/astrale.ch\\\/index.php\\\/produit\\\/grand-encreur-eclat-dore\\\/#breadcrumb\"},\"inLanguage\":\"fr-FR\",\"potentialAction\":[{\"@type\":\"ReadAction\",\"target\":[\"https:\\\/\\\/astrale.ch\\\/index.php\\\/produit\\\/grand-encreur-eclat-dore\\\/\"]}]},{\"@type\":\"ImageObject\",\"inLanguage\":\"fr-FR\",\"@id\":\"https:\\\/\\\/astrale.ch\\\/index.php\\\/produit\\\/grand-encreur-eclat-dore\\\/#primaryimage\",\"url\":\"https:\\\/\\\/astrale.ch\\\/wp-content\\\/uploads\\\/2024\\\/04\\\/encreur-delicata-eclat-dore-500x500-1.jpg\",\"contentUrl\":\"https:\\\/\\\/astrale.ch\\\/wp-content\\\/uploads\\\/2024\\\/04\\\/encreur-delicata-eclat-dore-500x500-1.jpg\",\"width\":500,\"height\":500},{\"@type\":\"BreadcrumbList\",\"@id\":\"https:\\\/\\\/astrale.ch\\\/index.php\\\/produit\\\/grand-encreur-eclat-dore\\\/#breadcrumb\",\"itemListElement\":[{\"@type\":\"ListItem\",\"position\":1,\"name\":\"Home\",\"item\":\"https:\\\/\\\/astrale.ch\\\/\"},{\"@type\":\"ListItem\",\"position\":2,\"name\":\"Boutique\",\"item\":\"https:\\\/\\\/astrale.ch\\\/index.php\\\/boutique\\\/\"},{\"@type\":\"ListItem\",\"position\":3,\"name\":\"Grand Encreur Eclat Dor\u00e9\"}]},{\"@type\":\"WebSite\",\"@id\":\"https:\\\/\\\/astrale.ch\\\/#website\",\"url\":\"https:\\\/\\\/astrale.ch\\\/\",\"name\":\"Astrale - Meet your stars\",\"description\":\"Meet your stars\",\"publisher\":{\"@id\":\"https:\\\/\\\/astrale.ch\\\/#organization\"},\"potentialAction\":[{\"@type\":\"SearchAction\",\"target\":{\"@type\":\"EntryPoint\",\"urlTemplate\":\"https:\\\/\\\/astrale.ch\\\/?s={search_term_string}\"},\"query-input\":{\"@type\":\"PropertyValueSpecification\",\"valueRequired\":true,\"valueName\":\"search_term_string\"}}],\"inLanguage\":\"fr-FR\"},{\"@type\":\"Organization\",\"@id\":\"https:\\\/\\\/astrale.ch\\\/#organization\",\"name\":\"Astrale.ch\",\"url\":\"https:\\\/\\\/astrale.ch\\\/\",\"logo\":{\"@type\":\"ImageObject\",\"inLanguage\":\"fr-FR\",\"@id\":\"https:\\\/\\\/astrale.ch\\\/#\\\/schema\\\/logo\\\/image\\\/\",\"url\":\"https:\\\/\\\/astrale.ch\\\/wp-content\\\/uploads\\\/2021\\\/06\\\/logo_astrale_complet.png\",\"contentUrl\":\"https:\\\/\\\/astrale.ch\\\/wp-content\\\/uploads\\\/2021\\\/06\\\/logo_astrale_complet.png\",\"width\":221,\"height\":342,\"caption\":\"Astrale.ch\"},\"image\":{\"@id\":\"https:\\\/\\\/astrale.ch\\\/#\\\/schema\\\/logo\\\/image\\\/\"}}]}<\/script>\n<!-- \/ Yoast SEO plugin. -->","yoast_head_json":{"title":"Grand Encreur Eclat Dor\u00e9 &#8211; Astrale","robots":{"index":"index","follow":"follow","max-snippet":"max-snippet:-1","max-image-preview":"max-image-preview:large","max-video-preview":"max-video-preview:-1"},"canonical":"https:\/\/astrale.ch\/index.php\/produit\/grand-encreur-eclat-dore\/","og_locale":"fr_FR","og_type":"article","og_title":"Grand Encreur Eclat Dor\u00e9 &#8211; Astrale","og_description":"Encreur Delicata Eclat dor\u00e9 \u00e0 utiliser pour tamponner ses exlibris dans un livre, customiser des enveloppes, des cartes, des invitations\u2026 Cette encre donne des reflets scintillants dor\u00e9s \u00e0 vos tamponnages ou effets pochoirs. Si vous aimez\u00a0 la brillance vous allez adorer son effet. Retrouvez notre offre de tampons\u00a0ici.","og_url":"https:\/\/astrale.ch\/index.php\/produit\/grand-encreur-eclat-dore\/","og_site_name":"Astrale","article_modified_time":"2024-04-11T20:54:08+00:00","og_image":[{"width":500,"height":500,"url":"https:\/\/astrale.ch\/wp-content\/uploads\/2024\/04\/encreur-delicata-eclat-dore-500x500-1.jpg","type":"image\/jpeg"}],"twitter_card":"summary_large_image","twitter_misc":{"Dur\u00e9e de lecture estim\u00e9e":"1 minute"},"schema":{"@context":"https:\/\/schema.org","@graph":[{"@type":"WebPage","@id":"https:\/\/astrale.ch\/index.php\/produit\/grand-encreur-eclat-dore\/","url":"https:\/\/astrale.ch\/index.php\/produit\/grand-encreur-eclat-dore\/","name":"Grand Encreur Eclat Dor\u00e9 &#8211; Astrale","isPartOf":{"@id":"https:\/\/astrale.ch\/#website"},"primaryImageOfPage":{"@id":"https:\/\/astrale.ch\/index.php\/produit\/grand-encreur-eclat-dore\/#primaryimage"},"image":{"@id":"https:\/\/astrale.ch\/index.php\/produit\/grand-encreur-eclat-dore\/#primaryimage"},"thumbnailUrl":"https:\/\/astrale.ch\/wp-content\/uploads\/2024\/04\/encreur-delicata-eclat-dore-500x500-1.jpg","datePublished":"2024-04-09T13:53:08+00:00","dateModified":"2024-04-11T20:54:08+00:00","breadcrumb":{"@id":"https:\/\/astrale.ch\/index.php\/produit\/grand-encreur-eclat-dore\/#breadcrumb"},"inLanguage":"fr-FR","potentialAction":[{"@type":"ReadAction","target":["https:\/\/astrale.ch\/index.php\/produit\/grand-encreur-eclat-dore\/"]}]},{"@type":"ImageObject","inLanguage":"fr-FR","@id":"https:\/\/astrale.ch\/index.php\/produit\/grand-encreur-eclat-dore\/#primaryimage","url":"https:\/\/astrale.ch\/wp-content\/uploads\/2024\/04\/encreur-delicata-eclat-dore-500x500-1.jpg","contentUrl":"https:\/\/astrale.ch\/wp-content\/uploads\/2024\/04\/encreur-delicata-eclat-dore-500x500-1.jpg","width":500,"height":500},{"@type":"BreadcrumbList","@id":"https:\/\/astrale.ch\/index.php\/produit\/grand-encreur-eclat-dore\/#breadcrumb","itemListElement":[{"@type":"ListItem","position":1,"name":"Home","item":"https:\/\/astrale.ch\/"},{"@type":"ListItem","position":2,"name":"Boutique","item":"https:\/\/astrale.ch\/index.php\/boutique\/"},{"@type":"ListItem","position":3,"name":"Grand Encreur Eclat Dor\u00e9"}]},{"@type":"WebSite","@id":"https:\/\/astrale.ch\/#website","url":"https:\/\/astrale.ch\/","name":"Astrale - Meet your stars","description":"Meet your stars","publisher":{"@id":"https:\/\/astrale.ch\/#organization"},"potentialAction":[{"@type":"SearchAction","target":{"@type":"EntryPoint","urlTemplate":"https:\/\/astrale.ch\/?s={search_term_string}"},"query-input":{"@type":"PropertyValueSpecification","valueRequired":true,"valueName":"search_term_string"}}],"inLanguage":"fr-FR"},{"@type":"Organization","@id":"https:\/\/astrale.ch\/#organization","name":"Astrale.ch","url":"https:\/\/astrale.ch\/","logo":{"@type":"ImageObject","inLanguage":"fr-FR","@id":"https:\/\/astrale.ch\/#\/schema\/logo\/image\/","url":"https:\/\/astrale.ch\/wp-content\/uploads\/2021\/06\/logo_astrale_complet.png","contentUrl":"https:\/\/astrale.ch\/wp-content\/uploads\/2021\/06\/logo_astrale_complet.png","width":221,"height":342,"caption":"Astrale.ch"},"image":{"@id":"https:\/\/astrale.ch\/#\/schema\/logo\/image\/"}}]}},"_links":{"self":[{"href":"https:\/\/astrale.ch\/index.php\/wp-json\/wp\/v2\/product\/610","targetHints":{"allow":["GET"]}}],"collection":[{"href":"https:\/\/astrale.ch\/index.php\/wp-json\/wp\/v2\/product"}],"about":[{"href":"https:\/\/astrale.ch\/index.php\/wp-json\/wp\/v2\/types\/product"}],"replies":[{"embeddable":true,"href":"https:\/\/astrale.ch\/index.php\/wp-json\/wp\/v2\/comments?post=610"}],"wp:featuredmedia":[{"embeddable":true,"href":"https:\/\/astrale.ch\/index.php\/wp-json\/wp\/v2\/media\/612"}],"wp:attachment":[{"href":"https:\/\/astrale.ch\/index.php\/wp-json\/wp\/v2\/media?parent=610"}],"wp:term":[{"taxonomy":"product_cat","embeddable":true,"href":"https:\/\/astrale.ch\/index.php\/wp-json\/wp\/v2\/product_cat?post=610"},{"taxonomy":"product_tag","embeddable":true,"href":"https:\/\/astrale.ch\/index.php\/wp-json\/wp\/v2\/product_tag?post=610"}],"curies":[{"name":"wp","href":"https:\/\/api.w.org\/{rel}","templated":true}]}}