{"id":139,"date":"2021-07-15T17:00:11","date_gmt":"2021-07-15T15:00:11","guid":{"rendered":"https:\/\/astrale.ch\/?post_type=product&#038;p=139"},"modified":"2024-04-10T22:34:51","modified_gmt":"2024-04-10T20:34:51","slug":"theme-astral-personnalise","status":"publish","type":"product","link":"https:\/\/astrale.ch\/index.php\/produit\/theme-astral-personnalise\/","title":{"rendered":"Th\u00e8me astral personnalis\u00e9"},"content":{"rendered":"<p>La date et l&rsquo;endroit de l&rsquo;\u00e9v\u00e9nement sont n\u00e9cessaires pour calculer la position des \u00e9toiles.<\/p>\n<p>Dimensions de l&rsquo;impression : 30 x 40 cm<\/p>\n<p>Design\u00e9 &amp; imprim\u00e9 en Suisse.<\/p>\n","protected":false},"excerpt":{"rendered":"<p>Votre th\u00e8me astral personnalis\u00e9 &#8211; cela peut concerner la naissance de quelqu&rsquo;un ou un moment tr\u00e8s sp\u00e9cial pour vous.<\/p>\n<p>Cela repr\u00e9sente la position du soleil, de la lune, des plan\u00e8tes et des aspects remarquables \u00e0 ce moment pr\u00e9cis.<\/p>\n<p>Un cadeau parfait pour une naissance, un mariage, ou tout autre \u00e9v\u00e9nement important. Un magnifique cadeau pour vous aussi.<\/p>\n<p>NB: Indiquez la date (J\/M\/A) et lieu de l&rsquo;\u00e9v\u00e9nementdans les notes lors de la finalisation de la commande, ces \u00e9l\u00e9ments sont n\u00e9cessaires pour le calcul de la posiiton des astres.<\/p>\n<p>NB2: Si vous souhaitez indiquer un nom ou une date, merci de les ajouter lors de la finalisationd e la commande \u00e9galement.<\/p>\n<p>NB3: Si vous choisissez une couleur unie, choisissez votre couleur <a href=\"https:\/\/webdi.fr\/en\/hex-color.php\">ici<\/a>\u00a0 et nous indiquer votre choix, soit lors de la commande soit plus tard.<\/p>\n","protected":false},"featured_media":574,"comment_status":"open","ping_status":"closed","template":"","meta":[],"product_cat":[17],"product_tag":[32],"class_list":{"0":"post-139","1":"product","2":"type-product","3":"status-publish","4":"has-post-thumbnail","6":"product_cat-frame","7":"product_tag-theme-astral","9":"first","10":"instock","11":"taxable","12":"shipping-taxable","13":"purchasable","14":"product-type-variable"},"yoast_head":"<!-- This site is optimized with the Yoast SEO plugin v27.3 - https:\/\/yoast.com\/product\/yoast-seo-wordpress\/ -->\n<title>Th\u00e8me astral personnalis\u00e9 &#8211; Astrale<\/title>\n<meta name=\"robots\" content=\"index, follow, max-snippet:-1, max-image-preview:large, max-video-preview:-1\" \/>\n<link rel=\"canonical\" href=\"https:\/\/astrale.ch\/index.php\/produit\/theme-astral-personnalise\/\" \/>\n<meta property=\"og:locale\" content=\"fr_FR\" \/>\n<meta property=\"og:type\" content=\"article\" \/>\n<meta property=\"og:title\" content=\"Th\u00e8me astral personnalis\u00e9 &#8211; Astrale\" \/>\n<meta property=\"og:description\" content=\"Votre th\u00e8me astral personnalis\u00e9 - cela peut concerner la naissance de quelqu&#039;un ou un moment tr\u00e8s sp\u00e9cial pour vous.  Cela repr\u00e9sente la position du soleil, de la lune, des plan\u00e8tes et des aspects remarquables \u00e0 ce moment pr\u00e9cis.  Un cadeau parfait pour une naissance, un mariage, ou tout autre \u00e9v\u00e9nement important. Un magnifique cadeau pour vous aussi.  NB: Indiquez la date (J\/M\/A) et lieu de l&#039;\u00e9v\u00e9nementdans les notes lors de la finalisation de la commande, ces \u00e9l\u00e9ments sont n\u00e9cessaires pour le calcul de la posiiton des astres.  NB2: Si vous souhaitez indiquer un nom ou une date, merci de les ajouter lors de la finalisationd e la commande \u00e9galement.  NB3: Si vous choisissez une couleur unie, choisissez votre couleur ici\u00a0 et nous indiquer votre choix, soit lors de la commande soit plus tard.\" \/>\n<meta property=\"og:url\" content=\"https:\/\/astrale.ch\/index.php\/produit\/theme-astral-personnalise\/\" \/>\n<meta property=\"og:site_name\" content=\"Astrale\" \/>\n<meta property=\"article:modified_time\" content=\"2024-04-10T20:34:51+00:00\" \/>\n<meta property=\"og:image\" content=\"https:\/\/astrale.ch\/wp-content\/uploads\/2024\/02\/ac_emma_mw-768x1024.png\" \/>\n\t<meta property=\"og:image:width\" content=\"768\" \/>\n\t<meta property=\"og:image:height\" content=\"1024\" \/>\n\t<meta property=\"og:image:type\" content=\"image\/png\" \/>\n<meta name=\"twitter:card\" content=\"summary_large_image\" \/>\n<meta name=\"twitter:label1\" content=\"Dur\u00e9e de lecture estim\u00e9e\" \/>\n\t<meta name=\"twitter:data1\" content=\"1 minute\" \/>\n<script type=\"application\/ld+json\" class=\"yoast-schema-graph\">{\"@context\":\"https:\\\/\\\/schema.org\",\"@graph\":[{\"@type\":\"WebPage\",\"@id\":\"https:\\\/\\\/astrale.ch\\\/index.php\\\/produit\\\/theme-astral-personnalise\\\/\",\"url\":\"https:\\\/\\\/astrale.ch\\\/index.php\\\/produit\\\/theme-astral-personnalise\\\/\",\"name\":\"Th\u00e8me astral personnalis\u00e9 &#8211; Astrale\",\"isPartOf\":{\"@id\":\"https:\\\/\\\/astrale.ch\\\/#website\"},\"primaryImageOfPage\":{\"@id\":\"https:\\\/\\\/astrale.ch\\\/index.php\\\/produit\\\/theme-astral-personnalise\\\/#primaryimage\"},\"image\":{\"@id\":\"https:\\\/\\\/astrale.ch\\\/index.php\\\/produit\\\/theme-astral-personnalise\\\/#primaryimage\"},\"thumbnailUrl\":\"https:\\\/\\\/astrale.ch\\\/wp-content\\\/uploads\\\/2024\\\/02\\\/ac_emma_mw.png\",\"datePublished\":\"2021-07-15T15:00:11+00:00\",\"dateModified\":\"2024-04-10T20:34:51+00:00\",\"breadcrumb\":{\"@id\":\"https:\\\/\\\/astrale.ch\\\/index.php\\\/produit\\\/theme-astral-personnalise\\\/#breadcrumb\"},\"inLanguage\":\"fr-FR\",\"potentialAction\":[{\"@type\":\"ReadAction\",\"target\":[\"https:\\\/\\\/astrale.ch\\\/index.php\\\/produit\\\/theme-astral-personnalise\\\/\"]}]},{\"@type\":\"ImageObject\",\"inLanguage\":\"fr-FR\",\"@id\":\"https:\\\/\\\/astrale.ch\\\/index.php\\\/produit\\\/theme-astral-personnalise\\\/#primaryimage\",\"url\":\"https:\\\/\\\/astrale.ch\\\/wp-content\\\/uploads\\\/2024\\\/02\\\/ac_emma_mw.png\",\"contentUrl\":\"https:\\\/\\\/astrale.ch\\\/wp-content\\\/uploads\\\/2024\\\/02\\\/ac_emma_mw.png\",\"width\":1134,\"height\":1512},{\"@type\":\"BreadcrumbList\",\"@id\":\"https:\\\/\\\/astrale.ch\\\/index.php\\\/produit\\\/theme-astral-personnalise\\\/#breadcrumb\",\"itemListElement\":[{\"@type\":\"ListItem\",\"position\":1,\"name\":\"Home\",\"item\":\"https:\\\/\\\/astrale.ch\\\/\"},{\"@type\":\"ListItem\",\"position\":2,\"name\":\"Boutique\",\"item\":\"https:\\\/\\\/astrale.ch\\\/index.php\\\/boutique\\\/\"},{\"@type\":\"ListItem\",\"position\":3,\"name\":\"Th\u00e8me astral personnalis\u00e9\"}]},{\"@type\":\"WebSite\",\"@id\":\"https:\\\/\\\/astrale.ch\\\/#website\",\"url\":\"https:\\\/\\\/astrale.ch\\\/\",\"name\":\"Astrale - Meet your stars\",\"description\":\"Meet your stars\",\"publisher\":{\"@id\":\"https:\\\/\\\/astrale.ch\\\/#organization\"},\"potentialAction\":[{\"@type\":\"SearchAction\",\"target\":{\"@type\":\"EntryPoint\",\"urlTemplate\":\"https:\\\/\\\/astrale.ch\\\/?s={search_term_string}\"},\"query-input\":{\"@type\":\"PropertyValueSpecification\",\"valueRequired\":true,\"valueName\":\"search_term_string\"}}],\"inLanguage\":\"fr-FR\"},{\"@type\":\"Organization\",\"@id\":\"https:\\\/\\\/astrale.ch\\\/#organization\",\"name\":\"Astrale.ch\",\"url\":\"https:\\\/\\\/astrale.ch\\\/\",\"logo\":{\"@type\":\"ImageObject\",\"inLanguage\":\"fr-FR\",\"@id\":\"https:\\\/\\\/astrale.ch\\\/#\\\/schema\\\/logo\\\/image\\\/\",\"url\":\"https:\\\/\\\/astrale.ch\\\/wp-content\\\/uploads\\\/2021\\\/06\\\/logo_astrale_complet.png\",\"contentUrl\":\"https:\\\/\\\/astrale.ch\\\/wp-content\\\/uploads\\\/2021\\\/06\\\/logo_astrale_complet.png\",\"width\":221,\"height\":342,\"caption\":\"Astrale.ch\"},\"image\":{\"@id\":\"https:\\\/\\\/astrale.ch\\\/#\\\/schema\\\/logo\\\/image\\\/\"}}]}<\/script>\n<!-- \/ Yoast SEO plugin. -->","yoast_head_json":{"title":"Th\u00e8me astral personnalis\u00e9 &#8211; Astrale","robots":{"index":"index","follow":"follow","max-snippet":"max-snippet:-1","max-image-preview":"max-image-preview:large","max-video-preview":"max-video-preview:-1"},"canonical":"https:\/\/astrale.ch\/index.php\/produit\/theme-astral-personnalise\/","og_locale":"fr_FR","og_type":"article","og_title":"Th\u00e8me astral personnalis\u00e9 &#8211; Astrale","og_description":"Votre th\u00e8me astral personnalis\u00e9 - cela peut concerner la naissance de quelqu'un ou un moment tr\u00e8s sp\u00e9cial pour vous.  Cela repr\u00e9sente la position du soleil, de la lune, des plan\u00e8tes et des aspects remarquables \u00e0 ce moment pr\u00e9cis.  Un cadeau parfait pour une naissance, un mariage, ou tout autre \u00e9v\u00e9nement important. Un magnifique cadeau pour vous aussi.  NB: Indiquez la date (J\/M\/A) et lieu de l'\u00e9v\u00e9nementdans les notes lors de la finalisation de la commande, ces \u00e9l\u00e9ments sont n\u00e9cessaires pour le calcul de la posiiton des astres.  NB2: Si vous souhaitez indiquer un nom ou une date, merci de les ajouter lors de la finalisationd e la commande \u00e9galement.  NB3: Si vous choisissez une couleur unie, choisissez votre couleur ici\u00a0 et nous indiquer votre choix, soit lors de la commande soit plus tard.","og_url":"https:\/\/astrale.ch\/index.php\/produit\/theme-astral-personnalise\/","og_site_name":"Astrale","article_modified_time":"2024-04-10T20:34:51+00:00","og_image":[{"width":768,"height":1024,"url":"https:\/\/astrale.ch\/wp-content\/uploads\/2024\/02\/ac_emma_mw-768x1024.png","type":"image\/png"}],"twitter_card":"summary_large_image","twitter_misc":{"Dur\u00e9e de lecture estim\u00e9e":"1 minute"},"schema":{"@context":"https:\/\/schema.org","@graph":[{"@type":"WebPage","@id":"https:\/\/astrale.ch\/index.php\/produit\/theme-astral-personnalise\/","url":"https:\/\/astrale.ch\/index.php\/produit\/theme-astral-personnalise\/","name":"Th\u00e8me astral personnalis\u00e9 &#8211; Astrale","isPartOf":{"@id":"https:\/\/astrale.ch\/#website"},"primaryImageOfPage":{"@id":"https:\/\/astrale.ch\/index.php\/produit\/theme-astral-personnalise\/#primaryimage"},"image":{"@id":"https:\/\/astrale.ch\/index.php\/produit\/theme-astral-personnalise\/#primaryimage"},"thumbnailUrl":"https:\/\/astrale.ch\/wp-content\/uploads\/2024\/02\/ac_emma_mw.png","datePublished":"2021-07-15T15:00:11+00:00","dateModified":"2024-04-10T20:34:51+00:00","breadcrumb":{"@id":"https:\/\/astrale.ch\/index.php\/produit\/theme-astral-personnalise\/#breadcrumb"},"inLanguage":"fr-FR","potentialAction":[{"@type":"ReadAction","target":["https:\/\/astrale.ch\/index.php\/produit\/theme-astral-personnalise\/"]}]},{"@type":"ImageObject","inLanguage":"fr-FR","@id":"https:\/\/astrale.ch\/index.php\/produit\/theme-astral-personnalise\/#primaryimage","url":"https:\/\/astrale.ch\/wp-content\/uploads\/2024\/02\/ac_emma_mw.png","contentUrl":"https:\/\/astrale.ch\/wp-content\/uploads\/2024\/02\/ac_emma_mw.png","width":1134,"height":1512},{"@type":"BreadcrumbList","@id":"https:\/\/astrale.ch\/index.php\/produit\/theme-astral-personnalise\/#breadcrumb","itemListElement":[{"@type":"ListItem","position":1,"name":"Home","item":"https:\/\/astrale.ch\/"},{"@type":"ListItem","position":2,"name":"Boutique","item":"https:\/\/astrale.ch\/index.php\/boutique\/"},{"@type":"ListItem","position":3,"name":"Th\u00e8me astral personnalis\u00e9"}]},{"@type":"WebSite","@id":"https:\/\/astrale.ch\/#website","url":"https:\/\/astrale.ch\/","name":"Astrale - Meet your stars","description":"Meet your stars","publisher":{"@id":"https:\/\/astrale.ch\/#organization"},"potentialAction":[{"@type":"SearchAction","target":{"@type":"EntryPoint","urlTemplate":"https:\/\/astrale.ch\/?s={search_term_string}"},"query-input":{"@type":"PropertyValueSpecification","valueRequired":true,"valueName":"search_term_string"}}],"inLanguage":"fr-FR"},{"@type":"Organization","@id":"https:\/\/astrale.ch\/#organization","name":"Astrale.ch","url":"https:\/\/astrale.ch\/","logo":{"@type":"ImageObject","inLanguage":"fr-FR","@id":"https:\/\/astrale.ch\/#\/schema\/logo\/image\/","url":"https:\/\/astrale.ch\/wp-content\/uploads\/2021\/06\/logo_astrale_complet.png","contentUrl":"https:\/\/astrale.ch\/wp-content\/uploads\/2021\/06\/logo_astrale_complet.png","width":221,"height":342,"caption":"Astrale.ch"},"image":{"@id":"https:\/\/astrale.ch\/#\/schema\/logo\/image\/"}}]}},"_links":{"self":[{"href":"https:\/\/astrale.ch\/index.php\/wp-json\/wp\/v2\/product\/139","targetHints":{"allow":["GET"]}}],"collection":[{"href":"https:\/\/astrale.ch\/index.php\/wp-json\/wp\/v2\/product"}],"about":[{"href":"https:\/\/astrale.ch\/index.php\/wp-json\/wp\/v2\/types\/product"}],"replies":[{"embeddable":true,"href":"https:\/\/astrale.ch\/index.php\/wp-json\/wp\/v2\/comments?post=139"}],"wp:featuredmedia":[{"embeddable":true,"href":"https:\/\/astrale.ch\/index.php\/wp-json\/wp\/v2\/media\/574"}],"wp:attachment":[{"href":"https:\/\/astrale.ch\/index.php\/wp-json\/wp\/v2\/media?parent=139"}],"wp:term":[{"taxonomy":"product_cat","embeddable":true,"href":"https:\/\/astrale.ch\/index.php\/wp-json\/wp\/v2\/product_cat?post=139"},{"taxonomy":"product_tag","embeddable":true,"href":"https:\/\/astrale.ch\/index.php\/wp-json\/wp\/v2\/product_tag?post=139"}],"curies":[{"name":"wp","href":"https:\/\/api.w.org\/{rel}","templated":true}]}}